{"id":2898,"date":"2025-12-10T16:31:50","date_gmt":"2025-12-10T14:31:50","guid":{"rendered":"https:\/\/www.measte.fi\/?post_type=product&#038;p=2898"},"modified":"2025-12-11T22:28:11","modified_gmt":"2025-12-11T20:28:11","slug":"fitness-super-watch","status":"publish","type":"product","link":"https:\/\/www.measte.fi\/index.php\/tuote\/fitness-super-watch\/","title":{"rendered":"Fitness Super Watch"},"content":{"rendered":"<p>Fitbit Surge on niin sanottu &#8221;Fitness Super Watch&#8221;, joka yhdist\u00e4\u00e4 aktiivisuusmittarin, sykemittarin ja GPS-paikantimen yhteen laitteeseen. Se mittaa jatkuvasti sykett\u00e4 ranteesta PurePulse-tekniikalla, seuraa juoksu- ja py\u00f6r\u00e4ilyreittej\u00e4 GPS:n avulla, ja n\u00e4ytt\u00e4\u00e4 puhelimen ilmoituksia kuten puhelut ja tekstiviestit. Lis\u00e4ksi se tukee musiikin ohjausta ja tarjoaa kattavan n\u00e4kym\u00e4n p\u00e4ivitt\u00e4iseen aktiivisuuteen, uneen ja harjoituksiin.<\/p>\n<p>\ud83d\udd27 Ominaisuudet<br \/>\n&#8211; GPS-paikannus: reittiseuranta ja nopeus<br \/>\n&#8211; Sykemittaus: jatkuva ranteesta mitattava syke<br \/>\n&#8211; Ilmoitukset: puhelut, viestit, musiikin ohjaus<br \/>\n&#8211; Yhteensopivuus: Android, iOS, Windows<br \/>\n&#8211; Akunkesto: jopa 7 p\u00e4iv\u00e4\u00e4 (GPS k\u00e4yt\u00f6ss\u00e4 ~5 h)<br \/>\n&#8211; N\u00e4ytt\u00f6: 1.26&#8243; LCD, resoluutio 144\u00d7168 px<br \/>\n&#8211; Vesitiiviys: roiskeenkest\u00e4v\u00e4 (IPX4)<\/p>\n","protected":false},"excerpt":{"rendered":"<p>Fitbit Surge on monipuolinen fitness-\u00e4lykello, jossa on GPS-paikannus, jatkuva sykemittaus ja \u00e4lypuhelimen ilmoitukset. Sopii aktiiviseen el\u00e4m\u00e4ntapaan ja harjoittelun seurantaan.<\/p>\n","protected":false},"featured_media":2890,"template":"","meta":{"_uag_custom_page_level_css":"","site-sidebar-layout":"default","site-content-layout":"default","ast-site-content-layout":"default","site-content-style":"default","site-sidebar-style":"default","ast-global-header-display":"","ast-banner-title-visibility":"","ast-main-header-display":"","ast-hfb-above-header-display":"","ast-hfb-below-header-display":"","ast-hfb-mobile-header-display":"","site-post-title":"","ast-breadcrumbs-content":"","ast-featured-img":"","footer-sml-layout":"","ast-disable-related-posts":"","theme-transparent-header-meta":"default","adv-header-id-meta":"","stick-header-meta":"","header-above-stick-meta":"","header-main-stick-meta":"","header-below-stick-meta":"","astra-migrate-meta-layouts":"default","ast-page-background-enabled":"default","ast-page-background-meta":{"desktop":{"background-color":"var(--ast-global-color-4)","background-image":"","background-repeat":"repeat","background-position":"center center","background-size":"auto","background-attachment":"scroll","background-type":"","background-media":"","overlay-type":"","overlay-color":"","overlay-opacity":"","overlay-gradient":""},"tablet":{"background-color":"","background-image":"","background-repeat":"repeat","background-position":"center center","background-size":"auto","background-attachment":"scroll","background-type":"","background-media":"","overlay-type":"","overlay-color":"","overlay-opacity":"","overlay-gradient":""},"mobile":{"background-color":"","background-image":"","background-repeat":"repeat","background-position":"center center","background-size":"auto","background-attachment":"scroll","background-type":"","background-media":"","overlay-type":"","overlay-color":"","overlay-opacity":"","overlay-gradient":""}},"ast-content-background-meta":{"desktop":{"background-color":"var(--ast-global-color-5)","background-image":"","background-repeat":"repeat","background-position":"center center","background-size":"auto","background-attachment":"scroll","background-type":"","background-media":"","overlay-type":"","overlay-color":"","overlay-opacity":"","overlay-gradient":""},"tablet":{"background-color":"var(--ast-global-color-5)","background-image":"","background-repeat":"repeat","background-position":"center center","background-size":"auto","background-attachment":"scroll","background-type":"","background-media":"","overlay-type":"","overlay-color":"","overlay-opacity":"","overlay-gradient":""},"mobile":{"background-color":"var(--ast-global-color-5)","background-image":"","background-repeat":"repeat","background-position":"center center","background-size":"auto","background-attachment":"scroll","background-type":"","background-media":"","overlay-type":"","overlay-color":"","overlay-opacity":"","overlay-gradient":""}}},"product_brand":[],"product_cat":[40],"product_tag":[],"class_list":{"0":"post-2898","1":"product","2":"type-product","3":"status-publish","4":"has-post-thumbnail","6":"product_cat-tietotekniikka","7":"desktop-align-center","8":"tablet-align-left","9":"mobile-align-left","11":"first","12":"instock","13":"sold-individually","14":"taxable","15":"shipping-taxable","16":"purchasable","17":"product-type-simple"},"aioseo_notices":[],"uagb_featured_image_src":{"full":["https:\/\/www.measte.fi\/wp-content\/uploads\/2025\/12\/Sitecom-USB-Hub.jpg",1600,1600,false],"thumbnail":["https:\/\/www.measte.fi\/wp-content\/uploads\/2025\/12\/Sitecom-USB-Hub-150x150.jpg",150,150,true],"medium":["https:\/\/www.measte.fi\/wp-content\/uploads\/2025\/12\/Sitecom-USB-Hub-300x300.jpg",300,300,true],"medium_large":["https:\/\/www.measte.fi\/wp-content\/uploads\/2025\/12\/Sitecom-USB-Hub-768x768.jpg",768,768,true],"large":["https:\/\/www.measte.fi\/wp-content\/uploads\/2025\/12\/Sitecom-USB-Hub-1024x1024.jpg",1024,1024,true],"1536x1536":["https:\/\/www.measte.fi\/wp-content\/uploads\/2025\/12\/Sitecom-USB-Hub-1536x1536.jpg",1536,1536,true],"2048x2048":["https:\/\/www.measte.fi\/wp-content\/uploads\/2025\/12\/Sitecom-USB-Hub.jpg",1600,1600,false],"woocommerce_thumbnail":["https:\/\/www.measte.fi\/wp-content\/uploads\/2025\/12\/Sitecom-USB-Hub-300x300.jpg",300,300,true],"woocommerce_single":["https:\/\/www.measte.fi\/wp-content\/uploads\/2025\/12\/Sitecom-USB-Hub-600x600.jpg",600,600,true],"woocommerce_gallery_thumbnail":["https:\/\/www.measte.fi\/wp-content\/uploads\/2025\/12\/Sitecom-USB-Hub-100x100.jpg",100,100,true]},"uagb_author_info":{"display_name":"admin","author_link":"https:\/\/www.measte.fi\/index.php\/author\/"},"uagb_comment_info":0,"uagb_excerpt":"Fitbit Surge on monipuolinen fitness-\u00e4lykello, jossa on GPS-paikannus, jatkuva sykemittaus ja \u00e4lypuhelimen ilmoitukset. Sopii aktiiviseen el\u00e4m\u00e4ntapaan ja harjoittelun seurantaan.","_links":{"self":[{"href":"https:\/\/www.measte.fi\/index.php\/wp-json\/wp\/v2\/product\/2898","targetHints":{"allow":["GET"]}}],"collection":[{"href":"https:\/\/www.measte.fi\/index.php\/wp-json\/wp\/v2\/product"}],"about":[{"href":"https:\/\/www.measte.fi\/index.php\/wp-json\/wp\/v2\/types\/product"}],"wp:featuredmedia":[{"embeddable":true,"href":"https:\/\/www.measte.fi\/index.php\/wp-json\/wp\/v2\/media\/2890"}],"wp:attachment":[{"href":"https:\/\/www.measte.fi\/index.php\/wp-json\/wp\/v2\/media?parent=2898"}],"wp:term":[{"taxonomy":"product_brand","embeddable":true,"href":"https:\/\/www.measte.fi\/index.php\/wp-json\/wp\/v2\/product_brand?post=2898"},{"taxonomy":"product_cat","embeddable":true,"href":"https:\/\/www.measte.fi\/index.php\/wp-json\/wp\/v2\/product_cat?post=2898"},{"taxonomy":"product_tag","embeddable":true,"href":"https:\/\/www.measte.fi\/index.php\/wp-json\/wp\/v2\/product_tag?post=2898"}],"curies":[{"name":"wp","href":"https:\/\/api.w.org\/{rel}","templated":true}]}}